mmon divisor of g and 13.
13
Let v be (-2)/(-11) + 5264/88. What is the highest common factor of v and 36?
12
Suppose 0 = 2*r - 23 - 483. Let k = 44 + -21. Calculate the greatest common divisor of r and k.
23
Let m be (4 - -8 - 1) + 39. Calculate the highest common divisor of m and 125.
25
Let a(k) = -9*k + 13. Let i = -18 - -15. Let q be a(i). Calculate the greatest common factor of 80 and q.
40
Suppose -42 = -4*q - 2. Let f = 121 - 116. Calculate the highest common factor of q and f.
5
Let x(g) = 13*g - 5. Let j be -2 - (-1 + 0 + -6). Let q be x(j). Calculate the highest common divisor of 20 and q.
20
Let y(a) = -a**2 - 6*a - 15. Let n be y(-6). Let v = n + 18. Let s be -8*(-2)/6*v. Calculate the greatest common factor of 4 and s.
4
Let y(l) = 2*l**3 - 87*l**2 + 55*l + 122. Let g be y(43). Calculate the greatest common divisor of 174 and g.
58
Suppose -8*b - 436 = -76. Let v be 14/(-3)*(3 - b/(-6)). What is the highest common divisor of 105 and v?
21
Let r(d) = -d**3 + 7*d**2 - d + 28. Let p be r(7). What is the highest common factor of p and 357?
21
Let f(h) = h + 60. Let x be 2/4*-6 + 3. Let g be f(x). Calculate the greatest common divisor of 15 and g.
15
Let b = -32 - -100. Calculate the greatest common divisor of 12 and b.
4
Let z be (-864)/(-6)*(-3)/(-2). Suppose -84 = -10*y + z. What is the greatest common factor of y and 45?
15
Let i = 10206 + -6913. Calculate the highest common divisor of i and 37.
37
Let r be (-12)/8*(1 + -3). Let i(z) = 19*z - 8. Let h(k) = k + 1. Let f(o) = -6*h(o) - i(o). Let v be f(-1). What is the greatest common factor of r and v?
3
Suppose -45 = -4*f - f. Suppose f*s - 5*u - 10 = 4*s, 4*s = 2*u + 8. Let l be s/(-5) - (-970)/50. Calculate the highest common factor of l and 133.
19
Let p = 48 + -80. Let m = 5 + p. Let a = 47 + m. Calculate the greatest common divisor of a and 160.
20
Suppose 43*o + 8 = 45*o. Let g(p) = 50*p - 29. Let f be g(o). Calculate the highest common factor of f and 19.
19
Let y be (1464/(-8))/(-3) - -7. Calculate the highest common divisor of y and 85.
17
Let p(h) = -h**3 - 8*h**2 - 7*h - 9. Let o be p(-6). Let z = 426 + o. Calculate the highest common factor of 43 and z.
43
Suppose 0 = z + i - 32, 16*z - 15*z - 50 = 5*i. What is the highest common factor of z and 175?
35
Suppose -3*f + 2 = -2*f. Let k = 127 - 21. Let d = -104 + k. Calculate the greatest common divisor of f and d.
2
Suppose 4*w = 4*l + 44, 4*w + 0*l = 2*l + 44. Let q be -34*15/(-12) + 18/12. Calculate the greatest common factor of q and w.
11
Let j = -3 + 8. Suppose -5*o + 6 = -4*t, j*o - t - 7 - 2 = 0. Suppose 7*s - o*s - 65 = 0. Calculate the greatest common factor of s and 52.
13
Let w = 77 + -70. Suppose w*m - 3 = 123. Let d be (-3)/(-2)*(-8)/(-6). Calculate the highest common divisor of d and m.
2
Suppose 2*q = -3*q + 3*y - 151, y - 2 = 0. Let d = -18 - q. Suppose 1785 = 14*s + 1771. What is the greatest common factor of d and s?
1
Let z(t) = t**3 - 9*t**2 - 23*t + 18. Let o be z(11). Suppose -80 = -o*j + 18. Calculate the greatest common factor of j and 21.
7
Suppose 3*z - 17 = -4*t, 2*t - z + 11 = 6*t. Let n be t/((-5)/(-495)*2). Calculate the greatest common divisor of 11 and n.
11
Suppose -10 = -2*o, 0 = 5*h + 3*o + 35 - 235. What is the highest common divisor of h and 259?
37
Suppose 0 = 9*q - 2226 + 48. Calculate the highest common divisor of q and 44.
22
Suppose 3*d + 0*t - 5*t - 455 = 0, -3*d = -4*t - 457. Suppose -p = -5*h - 10 - 45, 5*h = -2*p + d. Calculate the greatest common divisor of 28 and p.
14
Let u = 93 + -81. What is the greatest common factor of u and 348?
12
Let i be 7/(((-18)/(-42))/3). Calculate the highest common divisor of 14 and i.
7
Let y = 21 + 10. Let g(p) = -p**3 - 19*p**2 + 18*p + 22. Let z be g(-20). Calculate the highest common divisor of y and z.
31
Let c be 930/42 - ((-110)/(-35) + -3). Calculate the greatest common factor of c and 209.
11
Let q(n) = 12*n. Let l be q(-3). Let p = l - -56. What is the highest common factor of 160 and p?
20
Let z(f) = -f**3 - 31*f**2 + 26*f - 117. Let w be z(-32). Calculate the highest common factor of 255 and w.
15
Let y = 92 + -87. Suppose y*h - 64 = -14. Let a be ((-4)/(-4))/((-2)/(-30)). What is the greatest common factor of h and a?
5
Let j(y) = 14*y - 2. Let z be ((-10)/(-4) + -1)*(-12)/(-9). Let q be j(z). What is the greatest common divisor of q and 91?
13
Let f(i) = -i**2 - 14*i - 13. Suppose -5*h + 24 = 84. Let j be f(h). Suppose -88 + j = -7*c. Calculate the greatest common factor of c and 11.
11
Let h = 95 - 93. Let z be ((-35)/5)/(h/(-28)). What is the greatest common divisor of 245 and z?
49
Let j be 30/(-10)*(-3)/(12/176). What is the greatest common factor of j and 24?
12
Let s = 12 + 21. Let g = 208 - s. Suppose 4*i = -3*x + 91, 15*x + 84 = 3*i + 12*x. What is the greatest common factor of g and i?
25
Let d be ((-3)/(-6))/(1/96). Suppose 0 = -2*o + 4*o. Suppose -2*s + o*s - 36 = -f, -3*f + s = -98. Calculate the highest common divisor of f and d.
16
Let z(a) = a - 14. Let g be z(23). What is the greatest common divisor of g and 279?
9
Let k be 6/(-8) + 1554/24. Suppose -2*f = 2*f - k. Calculate the highest common divisor of 4 and f.
4
Let h(f) = -2*f**2 + 24*f - 16. Let i be h(10). Suppose 198 - 44 = 2*g. Let d = g - 41. Calculate the highest common divisor of d and i.
12
Let z(i) = -i**2 + 10*i - 12. Let c be z(8). Suppose -2*y - c*k + 154 = 0, 0 = -2*y + y + 3*k + 77. Calculate the highest common factor of y and 11.
11
Let f be 5 + (0 - 3)/3. Suppose 0 = a + 2*n + 2*n + 1, -f*a = -4*n - 56. Suppose -36 = -14*x + a*x. Calculate the highest common factor of x and 48.
12
Let v(l) = -4*l + 23. Let y be v(-19). Calculate the greatest common divisor of y and 9.
9
Let s be (6/(-9))/(2/(-54)). Let b = -74 - -254. Calculate the greatest common factor of s and b.
18
Suppose 0 = -13*q + 7*q + 648. Let l be ((-4)/(-8))/(3/q) + 3. Suppose 5*y = -2*c + 5*c + 20, -39 = -2*y - 5*c. What is the greatest common factor of l and y?
7
Suppose -2*d + 3*d = 45. Let q be 162/(-30)*20/(-6). What is the greatest common divisor of q and d?
9
Suppose 48*q = 34*q + 252. Calculate the highest common factor of q and 198.
18
Let c be ((-72)/(4/2))/(-1). Suppose -4*u + 36 = -c. What is the greatest common divisor of u and 54?
18
Let v = 351 + -324. What is the highest common factor of 216 and v?
27
Suppose 2*b = 5*b + 3*w, 1 = -2*b - 3*w. Let o be (-2)/8*-4*b. What is the greatest common factor of o and 9?
1
Let f(l) = -4*l + 1. Let m be f(1). Let k be 2 - 0/(1 + m). Let c be (-18)/6 - (16/2 - 13). Calculate the greatest common factor of k and c.
2
Suppose 0 = -5*k + 330 - 135. Let f be -1*(-3)/3*k. Let y = -37 + f. Calculate the greatest common divisor of y and 1.
1
Let k = 444 - 431. Let s(n) be the third derivative of -n**4/24 + 26*n**3/3 - 2*n**2. Let u be s(0). Calculate the greatest common factor of k and u.
13
Let r = -282 + 469. What is the highest common factor of 11 and r?
11
Suppose 0 = -12*w + 5*w + 21. Calculate the greatest common divisor of w and 183.
3
Suppose 12 = b - 0*b. Let u = -174 - -180. What is the highest common factor of b and u?
6
Let q(s) = -6*s + 4. Let i be q(3). Let n be 101/9 - i/(-63). Suppose 9*y - n*y = -4. What is the highest common factor of 16 and y?
2
Let b be (1 - 8/6)/((-3)/1116). Let l(c) = c + 31. Let k be l(0). Calculate the highest common divisor of b and k.
31
Let t be 8/(-18)*27/(-18)*12. Let a be 95/(-15) + (-2)/(-6). Let m be (26/t)/(a/(-24)). Calculate the highest common factor of 117 and m.
13
Let b(z) = 12*z**2 - z + 1. Suppose 2*n = 1 + 1. Let w be b(n). Let t = w - -24. Calculate the greatest common factor of 90 and t.
18
Let j be ((-6)/(-12))/((-3)/(-186)). Suppose -179 - j = -5*h. What is the greatest common factor of h and 63?
21
Suppose 5*k + 132 + 23 = 0. Let z = k - -88. What is the greatest common factor of z and 38?
19
Let q(p) = -8*p**3 - 88*p**2 - p + 26. Let b be q(-11). What is the greatest common factor of b and 1184?
37
Let u be (-1)/(560/(-555) - -1). Calculate the greatest common factor of u and 444.
111
Suppose -23 = 6*j - 185. What is the greatest common divisor of j and 9?
9
Suppose 3*a - 3*u - 9 = 0, 0*a - a + 5*u = 1. Let z be 12*((-3)/(-6) + a). What is the greatest common divisor of